{"version":"1.0","provider_name":"Ghid montan","provider_url":"https:\/\/www.mountainguide.ro\/ro","author_name":"Iulian Cozma","author_url":"https:\/\/www.mountainguide.ro\/ro\/author\/iulica\/","title":"Wandern in Karpaten","type":"rich","width":600,"height":338,"html":"<blockquote class=\"wp-embedded-content\" data-secret=\"dKOGZcfepB\"><a href=\"https:\/\/www.mountainguide.ro\/ro\/wandern-in-karpaten\/\">Wandern in Karpaten<\/a><\/blockquote><iframe sandbox=\"allow-scripts\" security=\"restricted\" src=\"https:\/\/www.mountainguide.ro\/ro\/wandern-in-karpaten\/embed\/#?secret=dKOGZcfepB\" width=\"600\" height=\"338\" title=\"&#8222;Wandern in Karpaten&#8221; &#8211; Ghid montan\" data-secret=\"dKOGZcfepB\" frameborder=\"0\" marginwidth=\"0\" marginheight=\"0\" scrolling=\"no\" class=\"wp-embedded-content\"><\/iframe><script type=\"text\/javascript\">\n\/* <![CDATA[ *\/\n\/*! This file is auto-generated *\/\n!function(d,l){\"use strict\";l.querySelector&&d.addEventListener&&\"undefined\"!=typeof URL&&(d.wp=d.wp||{},d.wp.receiveEmbedMessage||(d.wp.receiveEmbedMessage=function(e){var t=e.data;if((t||t.secret||t.message||t.value)&&!\/[^a-zA-Z0-9]\/.test(t.secret)){for(var s,r,n,a=l.querySelectorAll('iframe[data-secret=\"'+t.secret+'\"]'),o=l.querySelectorAll('blockquote[data-secret=\"'+t.secret+'\"]'),c=new RegExp(\"^https?:$\",\"i\"),i=0;i<o.length;i++)o[i].style.display=\"none\";for(i=0;i<a.length;i++)s=a[i],e.source===s.contentWindow&&(s.removeAttribute(\"style\"),\"height\"===t.message?(1e3<(r=parseInt(t.value,10))?r=1e3:~~r<200&&(r=200),s.height=r):\"link\"===t.message&&(r=new URL(s.getAttribute(\"src\")),n=new URL(t.value),c.test(n.protocol))&&n.host===r.host&&l.activeElement===s&&(d.top.location.href=t.value))}},d.addEventListener(\"message\",d.wp.receiveEmbedMessage,!1),l.addEventListener(\"DOMContentLoaded\",function(){for(var e,t,s=l.querySelectorAll(\"iframe.wp-embedded-content\"),r=0;r<s.length;r++)(t=(e=s[r]).getAttribute(\"data-secret\"))||(t=Math.random().toString(36).substring(2,12),e.src+=\"#?secret=\"+t,e.setAttribute(\"data-secret\",t)),e.contentWindow.postMessage({message:\"ready\",secret:t},\"*\")},!1)))}(window,document);\n\/\/# sourceURL=https:\/\/www.mountainguide.ro\/wp-includes\/js\/wp-embed.min.js\n\/* ]]> *\/\n<\/script>\n","thumbnail_url":"https:\/\/www.mountainguide.ro\/wp-content\/uploads\/2015\/06\/cover.jpg","thumbnail_width":630,"thumbnail_height":355,"description":"Wir haben eine zweit\u00e4gige Tour mit Iulian im Bucegi-Gebirge unternommen. Als Gruppe von mehreren Freunden war die Organisation am Anfang nicht ganz einfach: Terminfindung, Absprachen, Urlaubspl\u00e4ne, Unentschlossenheiten usw. mussten einbezogen werden. Dabei hatten wir mit Iulian wirklich Gl\u00fcck, der bei der genauen Planung und den Terminen flexibel und anpassungsf\u00e4hig war und bei der Kommunikation stets... Cite\u0219te mai mult &raquo;"}

Wir haben eine zweitägige Tour mit Iulian im Bucegi-Gebirge unternommen. Als Gruppe von mehreren Freunden war die Organisation am Anfang nicht ganz einfach: Terminfindung, Absprachen, Urlaubspläne, Unentschlossenheiten usw. mussten einbezogen werden. Dabei hatten wir mit Iulian wirklich Glück, der bei der genauen Planung und den Terminen flexibel und anpassungsfähig war und bei der Kommunikation stets... Citește mai mult &raquo;
