{"version":"1.0","provider_name":"Ghid montan","provider_url":"https:\/\/www.mountainguide.ro\/ro","author_name":"Iulian Cozma","author_url":"https:\/\/www.mountainguide.ro\/ro\/author\/iulica\/","title":"Kammwanderung Fogarasch Ost \u2013 West 25. \u2013 29. Juli 2010","type":"rich","width":600,"height":338,"html":"<blockquote class=\"wp-embedded-content\" data-secret=\"4FISACBsPs\"><a href=\"https:\/\/www.mountainguide.ro\/ro\/kammwanderung-fogarasch-ost-west-25-29-juli-2010\/\">Kammwanderung Fogarasch Ost \u2013 West 25. \u2013 29. Juli 2010<\/a><\/blockquote><iframe sandbox=\"allow-scripts\" security=\"restricted\" src=\"https:\/\/www.mountainguide.ro\/ro\/kammwanderung-fogarasch-ost-west-25-29-juli-2010\/embed\/#?secret=4FISACBsPs\" width=\"600\" height=\"338\" title=\"&#8222;Kammwanderung Fogarasch Ost \u2013 West 25. \u2013 29. Juli 2010&#8221; &#8211; Ghid montan\" data-secret=\"4FISACBsPs\" frameborder=\"0\" marginwidth=\"0\" marginheight=\"0\" scrolling=\"no\" class=\"wp-embedded-content\"><\/iframe><script type=\"text\/javascript\">\n\/* <![CDATA[ *\/\n\/*! This file is auto-generated *\/\n!function(d,l){\"use strict\";l.querySelector&&d.addEventListener&&\"undefined\"!=typeof URL&&(d.wp=d.wp||{},d.wp.receiveEmbedMessage||(d.wp.receiveEmbedMessage=function(e){var t=e.data;if((t||t.secret||t.message||t.value)&&!\/[^a-zA-Z0-9]\/.test(t.secret)){for(var s,r,n,a=l.querySelectorAll('iframe[data-secret=\"'+t.secret+'\"]'),o=l.querySelectorAll('blockquote[data-secret=\"'+t.secret+'\"]'),c=new RegExp(\"^https?:$\",\"i\"),i=0;i<o.length;i++)o[i].style.display=\"none\";for(i=0;i<a.length;i++)s=a[i],e.source===s.contentWindow&&(s.removeAttribute(\"style\"),\"height\"===t.message?(1e3<(r=parseInt(t.value,10))?r=1e3:~~r<200&&(r=200),s.height=r):\"link\"===t.message&&(r=new URL(s.getAttribute(\"src\")),n=new URL(t.value),c.test(n.protocol))&&n.host===r.host&&l.activeElement===s&&(d.top.location.href=t.value))}},d.addEventListener(\"message\",d.wp.receiveEmbedMessage,!1),l.addEventListener(\"DOMContentLoaded\",function(){for(var e,t,s=l.querySelectorAll(\"iframe.wp-embedded-content\"),r=0;r<s.length;r++)(t=(e=s[r]).getAttribute(\"data-secret\"))||(t=Math.random().toString(36).substring(2,12),e.src+=\"#?secret=\"+t,e.setAttribute(\"data-secret\",t)),e.contentWindow.postMessage({message:\"ready\",secret:t},\"*\")},!1)))}(window,document);\n\/\/# sourceURL=https:\/\/www.mountainguide.ro\/wp-includes\/js\/wp-embed.min.js\n\/* ]]> *\/\n<\/script>\n","description":"Frohen Mutes starteten wir (Iulian, sein Freund Andrei und ich) am 25. Juli 2010 aus Rudarita nach einer Anfahrt aus Kronstadt \u00fcber Zernescht und Plaiul Foii auf welcher das Fahrzeug Dacia Logan seine Qualit\u00e4ten als Gel\u00e4ndefahrzeug unter Beweis gestellt hat Auf einem wenig begangenen Pfad meisterten wir die erste Etappe der Kammwanderung bei gutem Wanderwetter... Cite\u0219te mai mult &raquo;"}

Frohen Mutes starteten wir (Iulian, sein Freund Andrei und ich) am 25. Juli 2010 aus Rudarita nach einer Anfahrt aus Kronstadt über Zernescht und Plaiul Foii auf welcher das Fahrzeug Dacia Logan seine Qualitäten als Geländefahrzeug unter Beweis gestellt hat Auf einem wenig begangenen Pfad meisterten wir die erste Etappe der Kammwanderung bei gutem Wanderwetter... Citește mai mult &raquo;
