{"version":"1.0","provider_name":"Bergf\u00fchrer f\u00fcr Bergtouren in den rum\u00e4nischen Bergen","provider_url":"https:\/\/www.mountainguide.ro\/de","author_name":"Iulian Cozma","author_url":"https:\/\/www.mountainguide.ro\/de\/author\/iulica\/","title":"Kammwanderung Fogarasch Ende Juli 2011","type":"rich","width":600,"height":338,"html":"<blockquote class=\"wp-embedded-content\" data-secret=\"yxPUGa1fmS\"><a href=\"https:\/\/www.mountainguide.ro\/de\/kammwanderung-fogarasch-ende-juli-2011\/\">Kammwanderung Fogarasch Ende Juli 2011<\/a><\/blockquote><iframe sandbox=\"allow-scripts\" security=\"restricted\" src=\"https:\/\/www.mountainguide.ro\/de\/kammwanderung-fogarasch-ende-juli-2011\/embed\/#?secret=yxPUGa1fmS\" width=\"600\" height=\"338\" title=\"&#8222;Kammwanderung Fogarasch Ende Juli 2011&#8220; &#8211; Bergf\u00fchrer f\u00fcr Bergtouren in den rum\u00e4nischen Bergen\" data-secret=\"yxPUGa1fmS\" frameborder=\"0\" marginwidth=\"0\" marginheight=\"0\" scrolling=\"no\" class=\"wp-embedded-content\"><\/iframe><script type=\"text\/javascript\">\n\/* <![CDATA[ *\/\n\/*! This file is auto-generated *\/\n!function(d,l){\"use strict\";l.querySelector&&d.addEventListener&&\"undefined\"!=typeof URL&&(d.wp=d.wp||{},d.wp.receiveEmbedMessage||(d.wp.receiveEmbedMessage=function(e){var t=e.data;if((t||t.secret||t.message||t.value)&&!\/[^a-zA-Z0-9]\/.test(t.secret)){for(var s,r,n,a=l.querySelectorAll('iframe[data-secret=\"'+t.secret+'\"]'),o=l.querySelectorAll('blockquote[data-secret=\"'+t.secret+'\"]'),c=new RegExp(\"^https?:$\",\"i\"),i=0;i<o.length;i++)o[i].style.display=\"none\";for(i=0;i<a.length;i++)s=a[i],e.source===s.contentWindow&&(s.removeAttribute(\"style\"),\"height\"===t.message?(1e3<(r=parseInt(t.value,10))?r=1e3:~~r<200&&(r=200),s.height=r):\"link\"===t.message&&(r=new URL(s.getAttribute(\"src\")),n=new URL(t.value),c.test(n.protocol))&&n.host===r.host&&l.activeElement===s&&(d.top.location.href=t.value))}},d.addEventListener(\"message\",d.wp.receiveEmbedMessage,!1),l.addEventListener(\"DOMContentLoaded\",function(){for(var e,t,s=l.querySelectorAll(\"iframe.wp-embedded-content\"),r=0;r<s.length;r++)(t=(e=s[r]).getAttribute(\"data-secret\"))||(t=Math.random().toString(36).substring(2,12),e.src+=\"#?secret=\"+t,e.setAttribute(\"data-secret\",t)),e.contentWindow.postMessage({message:\"ready\",secret:t},\"*\")},!1)))}(window,document);\n\/\/# sourceURL=https:\/\/www.mountainguide.ro\/wp-includes\/js\/wp-embed.min.js\n\/* ]]> *\/\n<\/script>\n","description":"Iulian empfing uns pers\u00f6nlich am Flughafen Baneasa und wir (Kerstin, Patrick, Iulian und ich) wurden im klimatisierten VW-Bus nach Kronstadt (Brasov) und am n\u00e4chsten Tag dann nach Freck (Avrig) zum Toureinstieg gefahren. Unter Iulians Bergf\u00fchrung erwanderten wir (Kerstin, Patrick und ab Balea auch Mat) den Hauptkamm der Fogarascher Berge vom Serbota-Gipfel (Westen) bis zu &#8222;Fereastra... Weiter &raquo;"}

Bergführer für Bergtouren in den rumänischen Bergen

<blockquote class="wp-embedded-content" data-secret="yxPUGa1fmS"><a href="https://www.mountainguide.ro/de/kammwanderung-fogarasch-ende-juli-2011/">Kammwanderung Fogarasch Ende Juli 2011</a></blockquote><iframe sandbox="allow-scripts" security="restricted" src="https://www.mountainguide.ro/de/kammwanderung-fogarasch-ende-juli-2011/embed/#?secret=yxPUGa1fmS" width="600" height="338" title="&#8222;Kammwanderung Fogarasch Ende Juli 2011&#8220; &#8211; Bergführer für Bergtouren in den rumänischen Bergen" data-secret="yxPUGa1fmS" frameborder="0" marginwidth="0" marginheight="0" scrolling="no" class="wp-embedded-content"></iframe><script type="text/javascript">
/* <![CDATA[ */
/*! This file is auto-generated */
!function(d,l){"use strict";l.querySelector&&d.addEventListener&&"undefined"!=typeof URL&&(d.wp=d.wp||{},d.wp.receiveEmbedMessage||(d.wp.receiveEmbedMessage=function(e){var t=e.data;if((t||t.secret||t.message||t.value)&&!/[^a-zA-Z0-9]/.test(t.secret)){for(var s,r,n,a=l.querySelectorAll('iframe[data-secret="'+t.secret+'"]'),o=l.querySelectorAll('blockquote[data-secret="'+t.secret+'"]'),c=new RegExp("^https?:$","i"),i=0;i<o.length;i++)o[i].style.display="none";for(i=0;i<a.length;i++)s=a[i],e.source===s.contentWindow&&(s.removeAttribute("style"),"height"===t.message?(1e3<(r=parseInt(t.value,10))?r=1e3:~~r<200&&(r=200),s.height=r):"link"===t.message&&(r=new URL(s.getAttribute("src")),n=new URL(t.value),c.test(n.protocol))&&n.host===r.host&&l.activeElement===s&&(d.top.location.href=t.value))}},d.addEventListener("message",d.wp.receiveEmbedMessage,!1),l.addEventListener("DOMContentLoaded",function(){for(var e,t,s=l.querySelectorAll("iframe.wp-embedded-content"),r=0;r<s.length;r++)(t=(e=s[r]).getAttribute("data-secret"))||(t=Math.random().toString(36).substring(2,12),e.src+="#?secret="+t,e.setAttribute("data-secret",t)),e.contentWindow.postMessage({message:"ready",secret:t},"*")},!1)))}(window,document);
//# sourceURL=https://www.mountainguide.ro/wp-includes/js/wp-embed.min.js
/* ]]> */
</script>

Iulian empfing uns persönlich am Flughafen Baneasa und wir (Kerstin, Patrick, Iulian und ich) wurden im klimatisierten VW-Bus nach Kronstadt (Brasov) und am nächsten Tag dann nach Freck (Avrig) zum Toureinstieg gefahren. Unter Iulians Bergführung erwanderten wir (Kerstin, Patrick und ab Balea auch Mat) den Hauptkamm der Fogarascher Berge vom Serbota-Gipfel (Westen) bis zu &#8222;Fereastra... Weiter &raquo;
