{"version":"1.0","provider_name":"Bergf\u00fchrer f\u00fcr Bergtouren in den rum\u00e4nischen Bergen","provider_url":"https:\/\/www.mountainguide.ro\/de","author_name":"Iulian Cozma","author_url":"https:\/\/www.mountainguide.ro\/de\/author\/iulica\/","title":"Climbing Moldoveanu peak, 4-6 September 2009","type":"rich","width":600,"height":338,"html":"<blockquote class=\"wp-embedded-content\" data-secret=\"YtkLcWmRlV\"><a href=\"https:\/\/www.mountainguide.ro\/de\/climbing-moldoveanu-peak-4-6-september-2009-2\/\">Climbing Moldoveanu peak, 4-6 September 2009<\/a><\/blockquote><iframe sandbox=\"allow-scripts\" security=\"restricted\" src=\"https:\/\/www.mountainguide.ro\/de\/climbing-moldoveanu-peak-4-6-september-2009-2\/embed\/#?secret=YtkLcWmRlV\" width=\"600\" height=\"338\" title=\"&#8222;Climbing Moldoveanu peak, 4-6 September 2009&#8220; &#8211; Bergf\u00fchrer f\u00fcr Bergtouren in den rum\u00e4nischen Bergen\" data-secret=\"YtkLcWmRlV\" frameborder=\"0\" marginwidth=\"0\" marginheight=\"0\" scrolling=\"no\" class=\"wp-embedded-content\"><\/iframe><script type=\"text\/javascript\">\n\/* <![CDATA[ *\/\n\/*! This file is auto-generated *\/\n!function(d,l){\"use strict\";l.querySelector&&d.addEventListener&&\"undefined\"!=typeof URL&&(d.wp=d.wp||{},d.wp.receiveEmbedMessage||(d.wp.receiveEmbedMessage=function(e){var t=e.data;if((t||t.secret||t.message||t.value)&&!\/[^a-zA-Z0-9]\/.test(t.secret)){for(var s,r,n,a=l.querySelectorAll('iframe[data-secret=\"'+t.secret+'\"]'),o=l.querySelectorAll('blockquote[data-secret=\"'+t.secret+'\"]'),c=new RegExp(\"^https?:$\",\"i\"),i=0;i<o.length;i++)o[i].style.display=\"none\";for(i=0;i<a.length;i++)s=a[i],e.source===s.contentWindow&&(s.removeAttribute(\"style\"),\"height\"===t.message?(1e3<(r=parseInt(t.value,10))?r=1e3:~~r<200&&(r=200),s.height=r):\"link\"===t.message&&(r=new URL(s.getAttribute(\"src\")),n=new URL(t.value),c.test(n.protocol))&&n.host===r.host&&l.activeElement===s&&(d.top.location.href=t.value))}},d.addEventListener(\"message\",d.wp.receiveEmbedMessage,!1),l.addEventListener(\"DOMContentLoaded\",function(){for(var e,t,s=l.querySelectorAll(\"iframe.wp-embedded-content\"),r=0;r<s.length;r++)(t=(e=s[r]).getAttribute(\"data-secret\"))||(t=Math.random().toString(36).substring(2,12),e.src+=\"#?secret=\"+t,e.setAttribute(\"data-secret\",t)),e.contentWindow.postMessage({message:\"ready\",secret:t},\"*\")},!1)))}(window,document);\n\/\/# sourceURL=https:\/\/www.mountainguide.ro\/wp-includes\/js\/wp-embed.min.js\n\/* ]]> *\/\n<\/script>\n","description":"Trois jours dans les monts Fagaras. Et il n\u2019est pas peu dire que Iulian est d\u2019une inestimable aide pour mener \u00e0 bien un programme de cette ampleur. De l\u2019organisation du parcours \u00e0 la r\u00e9servation du g\u00eete et des couverts, Iulian a permis au groupe d\u2019effectuer cette randonn\u00e9e en toute s\u00e9curit\u00e9 et sans aucun probl\u00e8me gr\u00e2ce... Weiter &raquo;"}

Bergführer für Bergtouren in den rumänischen Bergen

<blockquote class="wp-embedded-content" data-secret="YtkLcWmRlV"><a href="https://www.mountainguide.ro/de/climbing-moldoveanu-peak-4-6-september-2009-2/">Climbing Moldoveanu peak, 4-6 September 2009</a></blockquote><iframe sandbox="allow-scripts" security="restricted" src="https://www.mountainguide.ro/de/climbing-moldoveanu-peak-4-6-september-2009-2/embed/#?secret=YtkLcWmRlV" width="600" height="338" title="&#8222;Climbing Moldoveanu peak, 4-6 September 2009&#8220; &#8211; Bergführer für Bergtouren in den rumänischen Bergen" data-secret="YtkLcWmRlV" frameborder="0" marginwidth="0" marginheight="0" scrolling="no" class="wp-embedded-content"></iframe><script type="text/javascript">
/* <![CDATA[ */
/*! This file is auto-generated */
!function(d,l){"use strict";l.querySelector&&d.addEventListener&&"undefined"!=typeof URL&&(d.wp=d.wp||{},d.wp.receiveEmbedMessage||(d.wp.receiveEmbedMessage=function(e){var t=e.data;if((t||t.secret||t.message||t.value)&&!/[^a-zA-Z0-9]/.test(t.secret)){for(var s,r,n,a=l.querySelectorAll('iframe[data-secret="'+t.secret+'"]'),o=l.querySelectorAll('blockquote[data-secret="'+t.secret+'"]'),c=new RegExp("^https?:$","i"),i=0;i<o.length;i++)o[i].style.display="none";for(i=0;i<a.length;i++)s=a[i],e.source===s.contentWindow&&(s.removeAttribute("style"),"height"===t.message?(1e3<(r=parseInt(t.value,10))?r=1e3:~~r<200&&(r=200),s.height=r):"link"===t.message&&(r=new URL(s.getAttribute("src")),n=new URL(t.value),c.test(n.protocol))&&n.host===r.host&&l.activeElement===s&&(d.top.location.href=t.value))}},d.addEventListener("message",d.wp.receiveEmbedMessage,!1),l.addEventListener("DOMContentLoaded",function(){for(var e,t,s=l.querySelectorAll("iframe.wp-embedded-content"),r=0;r<s.length;r++)(t=(e=s[r]).getAttribute("data-secret"))||(t=Math.random().toString(36).substring(2,12),e.src+="#?secret="+t,e.setAttribute("data-secret",t)),e.contentWindow.postMessage({message:"ready",secret:t},"*")},!1)))}(window,document);
//# sourceURL=https://www.mountainguide.ro/wp-includes/js/wp-embed.min.js
/* ]]> */
</script>

Trois jours dans les monts Fagaras. Et il n’est pas peu dire que Iulian est d’une inestimable aide pour mener à bien un programme de cette ampleur. De l’organisation du parcours à la réservation du gîte et des couverts, Iulian a permis au groupe d’effectuer cette randonnée en toute sécurité et sans aucun problème grâce... Weiter &raquo;
